i**2 + 57*i - 128. What is h(9)?
-20
Let a(f) = 868*f - 14763. What is a(17)?
-7
Let p(m) = m**3 - 24*m**2 + 60*m + 79. Give p(20).
-321
Let w(s) = s**2 + 29*s - 60. Determine w(-17).
-264
Let f(n) = n + 90. Determine f(10).
100
Let y(j) = j**3 + 6*j**2 - 96*j + 40. Calculate y(7).
5
Let p(w) = 23*w + 42. Give p(-3).
-27
Let x(z) = -z**2 - 90*z + 115. Calculate x(-92).
-69
Let y(l) = 205*l + 3. Give y(0).
3
Let d(s) = 489*s**2 + 6*s - 6. What is d(1)?
489
Let t(n) = -24*n - 941. Calculate t(-38).
-29
Let k(q) = q**3 + 6*q**2 - 194*q - 798. Give k(-4).
10
Let u(z) = z**2 - 43*z + 91. Give u(40).
-29
Let l(y) = 33*y**2 + 495*y - 11. What is l(-15)?
-11
Let a(w) = 23*w**3 - 5*w - 237. Give a(0).
-237
Let t(o) = o**3 - 39*o**2 + 32*o + 225. Determine t(38).
-3
Let j(w) = -w**3 + 9*w**2 - 103*w + 501. Calculate j(6).
-9
Let u(r) = -10*r**2 - 17*r + 9. Calculate u(-6).
-249
Let x(y) = -1212*y - 2361. What is x(-2)?
63
Let r(a) = -11528*a - 23059. What is r(-2)?
-3
Let h(s) = 1478*s + 2977. Calculate h(-2).
21
Let n(q) = -q**3 - 2*q**2 + 36*q - 35. What is n(1)?
-2
Let p(v) = -31*v + 1789. What is p(58)?
-9
Let m(c) = 65*c + 5040. Calculate m(-77).
35
Let i(y) = -y**3 + 9*y**2 + 2*y + 57. Give i(10).
-23
Let x(f) = 57*f + 1995. Calculate x(-35).
0
Let x(u) = 14344*u + 57376. Calculate x(-4).
0
Let p(r) = 2*r**2 - 58*r + 378. Give p(8).
42
Let y(i) = -19*i + 1898. Give y(100).
-2
Let i(g) = -86*g - 3. Determine i(2).
-175
Let l(c) = c**3 + 15*c**2 + 19*c + 299. Calculate l(-15).
14
Let h(z) = -z**3 + 13*z**2 - 28*z + 49. Calculate h(11).
-17
Let g(k) = 3*k**3 + 4*k**2 - 1466*k - 1472. Determine g(-1).
-5
Let n(b) = -56*b - 96. What is n(-4)?
128
Let s(u) = u**2 + 38*u - 115. Give s(3).
8
Let t(g) = 2*g**3 - 70*g**2 - 2*g + 63. Determine t(35).
-7
Let o(c) = -c**3 + 15*c**2 + 99*c - 787. What is o(18)?
23
Let j(o) = o**2 - 300*o + 22448. Give j(157).
-3
Let f(b) = b**3 + 15*b**2 - 21*b - 11. Calculate f(-15).
304
Let i(f) = 3*f**3 + f**2 - 4*f. What is i(-3)?
-60
Let d(h) = -61*h**2 + 61*h - 9. Give d(1).
-9
Let w(z) = 3*z**2 - 11*z - 10. Calculate w(6).
32
Let w(p) = -2*p**3 + 36*p**2 + p - 7. What is w(18)?
11
Let n(c) = -10*c**2 - 6*c - 58. What is n(0)?
-58
Let g(q) = -q**3 + 23*q**2 + 6*q + 2. Calculate g(0).
2
Let j(b) = -96*b - 68. Determine j(7).
-740
Let m(i) = 18*i**3 - 58*i**2 - 59*i. Determine m(-1).
-17
Let y(w) = 294*w + 39981. Determine y(-136).
-3
Let v(y) = y**3 - 25*y**2 - 23*y - 76. Give v(26).
2
Let f(j) = -40*j**2 - 13*j - 20. Give f(-2).
-154
Let d(u) = 104*u + 6437. Give d(-62).
-11
Let h(w) = -84*w - 2756. What is h(-33)?
16
Let j(z) = z**2 - 28*z - 8. What is j(30)?
52
Let r(l) = l**3 + l**2 - 14*l - 42. Calculate r(-5).
-72
Let y(n) = 274*n**2 + 2*n - 4. Determine y(-1).
268
Let v(k) = -174*k**2 - 5220*k + 5. What is v(-30)?
5
Let z(w) = 33*w - 206. What is z(6)?
-8
Let k(v) = 34*v - 1519. Calculate k(46).
45
Let x(n) = -3*n**2 - 319*n - 545. Give x(-105).
-125
Let t(j) = 4*j**2 - 62*j + 161. What is t(4)?
-23
Let n(d) = -5*d**3 - 66*d**2 - 18*d + 118. Determine n(-13).
183
Let g(n) = 89*n + 4. Give g(0).
4
Let x(p) = -3*p**2 - 156*p - 1263. Determine x(-10).
-3
Let d(o) = 2*o**3 - 13*o**2 - 20. Calculate d(6).
-56
Let i(n) = -n**2 - 9*n + 25. What is i(5)?
-45
Let z(i) = -13*i**3 + 128*i**2 - 6*i + 255. Calculate z(10).
-5
Let k(h) = h**3 + 28*h**2 + 29*h + 29. Determine k(-27).
-25
Let l(j) = -2*j**2 + 74*j - 442. Calculate l(30).
-22
Let p(g) = -g**2 + g - 38. Calculate p(10).
-128
Let f(a) = -a**3 - 10*a**2 - 18*a - 116. Give f(-10).
64
Let i(o) = 701*o - 8408. Determine i(12).
4
Let g(a) = 11*a**3 + 252*a**2 - 18*a + 111. Calculate g(-23).
-4
Let y(a) = -a**3 - 32*a**2 - 224*a + 110. Determine y(-21).
-37
Let y(c) = 79*c - 1345. What is y(17)?
-2
Let q(b) = b**3 - 7*b**2 + 151*b - 1515. Calculate q(9).
6
Let h(d) = -31*d - 472. Calculate h(-15).
-7
Let d(g) = 7*g**2 - 58*g + 18. Give d(6).
-78
Let w(a) = -2*a**2 - 102*a + 449. Determine w(-55).
9
Let q(f) = -13*f**2 + 115*f - 198. Give q(5).
52
Let u(x) = -x**2 + 58*x + 521. Determine u(71).
-402
Let j(q) = 4*q - 20. What is j(4)?
-4
Let v(g) = 116*g + 24715. Determine v(-213).
7
Let q(o) = -o**2 - 14*o - 178. Determine q(-13).
-165
Let f(w) = -506*w + 7148. Give f(14).
64
Let p(q) = -3*q**2 - 20*q - 9. Give p(-9).
-72
Let d(m) = m**2 + 7*m - 89. Determine d(7).
9
Let f(z) = -z**2 - 58*z - 374. Give f(-7).
-17
Let k(g) = 3*g**3 + 10*g**2 + 124*g - 300. Determine k(2).
12
Let c(u) = 31*u**3 - 2*u**2 + 6*u + 16. Calculate c(-2).
-252
Let y(o) = o**2 + 423*o + 12516. What is y(-32)?
4
Let q(m) = -2*m**2 - 108*m - 603. Calculate q(-6).
-27
Let m(n) = -53*n + 100. Give m(3).
-59
Let c(f) = f**2 + 14*f - 531. Give c(-31).
-4
Let a(f) = 888*f - 4445. What is a(5)?
-5
Let s(h) = -h**3 - 7*h**2 + 10*h + 104. What is s(-4)?
16
Let h(i) = -23*i**2 + 2991*i - 171. What is h(130)?
-41
Let c(o) = 1406*o - 32349. Determine c(23).
-11
Let l(o) = -o**3 + 31*o**2 + 102*o - 73. What is l(34)?
-73
Let l(v) = v**3 - 2*v**2 - 13*v + 5. What is l(-3)?
-1
Let o(q) = -q**2 - 117*q + 3052. Calculate o(-139).
-6
Let r(z) = z**3 + 8*z**2 - 21*z - 113. Determine r(-9).
-5
Let d(o) = -o**3 + 53*o**2 + 227*o + 52. What is d(57)?
-5
Let r(n) = -3*n**3 + 19*n**2 - 6*n + 5. Give r(7).
-135
Let g(z) = 9*z - 678. Calculate g(77).
15
Let w(m) = -m**3 + 67*m**2 - 5*m + 282. Determine w(67).
-53
Let s(j) = j**3 + 74*j**2 + 79*j + 107. Give s(-73).
-331
Let x(q) = -q**2 + 95*q + 609. Determine x(-6).
3
Let g(i) = -i**3 - 36*i**2 - 30*i + 143. Calculate g(-35).
-32
Let s(w) = -w**2 + 56*w + 271. Determine s(61).
-34
Let r(y) = -3851*y + 30800. What is r(8)?
-8
Let d(n) = 3*n - 12. What is d(7)?
9
Let v(a) = 2*a**2 + 48*a + 41. Give v(-19).
-149
Let w(n) = n**3 + 20*n**2 + 18*n + 28. Give w(-19).
47
Let b(h) = h**3 + 36*h + 603. Determine b(-7).
8
Let y(j) = 15*j + 6. What is y(9)?
141
Let l(m) = -2*m**3 - 55*m**2 + 85*m - 64. Calculate l(-29).
-6
Let t(m) = -1570*m + 12560. What is t(8)?
0
Let v(x) = 3*x**3 + 416*x**2 - 137*x + 429. Determine v(-139).
151
Let k(d) = -321*d - 82507. Calculate k(-257).
-10
Let m(k) = 8326*k - 49959. What is m(6)?
-3
Let a(x) = 2*x**3 + 7*x**2 - 47*x + 8. What is a(-7)?
-6
Let z(l) = -126*l + 1596. What is z(13)?
-42
Let t(v) = 2*v**2 + 52*v + 165. Give t(-22).
-11
Let s(h) = -16*h - 642. What is s(-40)?
-2
Let h(z) = z**2 + 16*z + 38. Determine h(-16).
38
Let o(z) = 13*z**2 + 66*z + 60. Give o(-4).
4
Let t(h) = -h**2 - 130*h - 3480. What is t(-92)?
16
Let j(f) = f**2 - 7*f - 16. Determine j(9).
2
Let a(v) = -5*v**2 - 14*v + 69. Calculate a(-9).
-210
Let o(z) = -55*z + 1496. What is o(26)?
66
Let f(h) = -h**3 - 8*h**2 + 15*h + 54. What is f(-8)?
-66
Let i(h) = 5*h**2 - 7*h - 12. Give i(-2).
22
Let s(c) = -c**3 - 14*c**2 - 7*c + 69. What is s(-6)?
-177
Let l(h) = 32*h + 358. What is l(-12)?
-26
Let g(a) = 2*a**3 + 247*a**2 - 374*a + 122. Determine g(-125).
-3
Let p(s) = 4*s**2 + 97*s - 181. What is p(-26)?
1
Let f(l) = 2*l**3 + 9*l**2 - 41*l - 187. Give f(-5).
-7
Let a(f) = 109*f**3 + 431*f**2 - 36*f - 87. Give a(-4).
-23
Let b(i) = -i**3 - 21*i**2 - 117*i - 45. Determine b(-10).
25
Let w(p) = -133*p + 3828. What is w(29)?
-29
Let r(s) = -128*s + 46. What is r(0)?
46
Let m(g) = 5*g**3 - 2*g**2 + 5*g - 67. Give m(0).
-67
Let a(o) = -o**2 + 7*o + 34. Determine a(9).
16
Let x(r) = r**3 - 9*r**2 + r - 40. Give x(9).
-31
Let b(g) = 13*g**2 + 165*g + 11. Give b(-13).
63
Let k(d) = -5*d**3 + 56*d**2 - 10*d + 39. Determine k(11).
50
Let u(d) = 641*d - 1815. What is u(2)?
-533
Let x(k) = -50*k - 1993. Calculate x(-39).
-43
Let c(j) = 176*j + 53333. What is c(-303)?
5
Let r(f) = f**3 + 60*f**2 + 617*f - 4. Give r(-13).
-82
Let a(k) = 2*k**2 + 11*k - 108. Calculate a(-10).
-18
Let y(w) = -w**2 - 48*w + 204. Give y(-52).
-4
Let r(t) = 4*t**2 - 63*t - 575. Calculate r(24).
217
Let d(j) = -56*j + 111. Determine d(5).
-169
Let u(c) = -c**3 - 93*c**2 + 452*c + 10. What is u(5)?
-180
Let d(l) = -18*l + 45. What is d(16)?
-243
Let z(y) = -y**2 + 56*y - 5. Give z(5).
250
Let b(l) = 6*l**2 - 29*l + 44. What is b(2)?
10
Let f(u) = 2*u**3 + 19*u**2 + 17*u + 24. Give f(-7).
150
Let p(v) = -v**3 + 8*v - 12. What is p(3)?
-15
Let j(n) = 9*n**3 - 4*n**2 + 5*n + 6. What is j(3)?
228
Let c(x) = -x**2 - 41